{"id":33,"date":"2026-08-24T14:34:16","date_gmt":"2026-08-24T12:34:16","guid":{"rendered":"https:\/\/bauundholz.ch\/?page_id=33"},"modified":"2026-08-25T16:20:04","modified_gmt":"2026-08-25T14:20:04","slug":"startseite","status":"publish","type":"page","link":"https:\/\/bauundholz.ch\/","title":{"rendered":"Startseite"},"content":{"rendered":"\n<div class=\"wp-block-group alignfull has-global-padding is-layout-constrained wp-block-group-is-layout-constrained\">\n<div class=\"wp-block-cover alignfull is-light has-custom-content-position is-position-bottom-center\" style=\"border-top-left-radius:0px;border-top-right-radius:0px;border-bottom-left-radius:0px;border-bottom-right-radius:0px;min-height:1094px;aspect-ratio:unset;\"><img loading=\"lazy\" decoding=\"async\" width=\"2560\" height=\"2560\" class=\"wp-block-cover__image-background wp-image-34 size-full\" alt=\"Musikwohnhaus 2, Basel\" src=\"https:\/\/bauundholz.ch\/wp-content\/uploads\/2026\/08\/IMG_0895_2023-05_MuWo-Basel_DRI-scaled-1.jpg\" style=\"object-position:46% 76%\" data-object-fit=\"cover\" data-object-position=\"46% 76%\" srcset=\"https:\/\/bauundholz.ch\/wp-content\/uploads\/2026\/08\/IMG_0895_2023-05_MuWo-Basel_DRI-scaled-1.jpg 2560w, https:\/\/bauundholz.ch\/wp-content\/uploads\/2026\/08\/IMG_0895_2023-05_MuWo-Basel_DRI-scaled-1-300x300.jpg 300w, https:\/\/bauundholz.ch\/wp-content\/uploads\/2026\/08\/IMG_0895_2023-05_MuWo-Basel_DRI-scaled-1-1024x1024.jpg 1024w, https:\/\/bauundholz.ch\/wp-content\/uploads\/2026\/08\/IMG_0895_2023-05_MuWo-Basel_DRI-scaled-1-150x150.jpg 150w, https:\/\/bauundholz.ch\/wp-content\/uploads\/2026\/08\/IMG_0895_2023-05_MuWo-Basel_DRI-scaled-1-768x768.jpg 768w, https:\/\/bauundholz.ch\/wp-content\/uploads\/2026\/08\/IMG_0895_2023-05_MuWo-Basel_DRI-scaled-1-1536x1536.jpg 1536w, https:\/\/bauundholz.ch\/wp-content\/uploads\/2026\/08\/IMG_0895_2023-05_MuWo-Basel_DRI-scaled-1-2048x2048.jpg 2048w\" sizes=\"auto, (max-width: 2560px) 100vw, 2560px\" \/><span aria-hidden=\"true\" class=\"wp-block-cover__background has-background-dim-10 has-background-dim\" style=\"background-color:#ffdb57\"><\/span><div class=\"wp-block-cover__inner-container has-global-padding is-layout-constrained wp-block-cover-is-layout-constrained\">\n<p class=\"has-text-align-center is-style-text-display has-base-color has-text-color has-link-color has-x-large-font-size wp-elements-1 is-style-text-display--1 wp-block-paragraph\" style=\"border-style:none;border-width:0px;margin-right:0;margin-left:0\"><strong>Ingenieursdienstleistungen und Konstruktionsplanung<\/strong><\/p>\n\n\n\n<p class=\"has-text-align-center has-base-color has-text-color has-link-color has-large-font-size wp-elements-2 wp-block-paragraph\"><strong>mit Schwergewicht Holzbau<\/strong><\/p>\n<\/div><\/div>\n<\/div>\n\n\n\n<div class=\"wp-block-group alignwide is-layout-flow wp-block-group-is-layout-flow\">\n<h2 class=\"wp-block-heading alignwide\" style=\"margin-top:var(--wp--preset--spacing--60);margin-bottom:var(--wp--preset--spacing--60)\">Ingenieurwesen f\u00fcr anspruchsvolle Bauten<\/h2>\n<\/div>\n\n\n\n<p class=\"alignwide wp-block-paragraph\">Wir entwickeln und planen Tragwerke und Konstruktionen aller Art, vom konstruktiven Entwurf bis zur detaillierten Ausf\u00fchrungsplanung. Unser Spezialgebiet ist der Holzbau. Dabei verbinden wir fundiertes Ingenieurwissen mit einem praxisnahen Verst\u00e4ndnis f\u00fcr Konstruktion, Fertigung und Montage.<\/p>\n\n\n\n<div style=\"height:100px\" aria-hidden=\"true\" class=\"wp-block-spacer\"><\/div>\n\n\n\n<div class=\"wp-block-group has-border-color has-global-padding is-layout-constrained wp-block-group-is-layout-constrained\" style=\"border-color:#cd2d2d;border-width:2px\">\n<h3 class=\"wp-block-heading has-text-align-center has-text-color has-link-color wp-elements-3\" style=\"color:#d52020\">Wir suchen Verst\u00e4rkung<\/h3>\n\n\n\n<p class=\"has-text-align-center has-text-color has-link-color wp-elements-4 wp-block-paragraph\" style=\"color:#d52020\">Du m\u00f6chtest anspruchsvolle Tragwerke planen und konstruieren und hast Freude am Holzbau und an grosser Vielseitigkeit? Wir suchen Verst\u00e4rkung f\u00fcr unser Team.<\/p>\n\n\n\n<div class=\"wp-block-buttons is-content-justification-center is-layout-flex wp-container-core-buttons-is-layout-35f06ea7 wp-block-buttons-is-layout-flex\">\n<div class=\"wp-block-button\"><a class=\"wp-block-button__link has-accent-1-background-color has-text-color has-background has-link-color has-x-large-font-size has-custom-font-size wp-element-button\" href=\"https:\/\/bauundholz.ch\/wp-content\/uploads\/2026\/08\/Stelleninserat-BHE-Holzbauingenieur-in-Holzbautechniker-in.pdf\" style=\"color:#c71a1a\">Zum Stelleninserat<\/a><\/div>\n<\/div>\n<\/div>\n\n\n\n<h2 class=\"wp-block-heading has-text-align-center alignwide\" style=\"border-style:none;border-width:0px;margin-top:var(--wp--preset--spacing--50);margin-right:0;margin-bottom:var(--wp--preset--spacing--50);margin-left:0\">Leistungen<\/h2>\n\n\n\n<div class=\"wp-block-columns alignwide is-layout-flex wp-container-core-columns-is-layout-794e3cfa wp-block-columns-is-layout-flex\">\n<div class=\"wp-block-column is-layout-flow wp-block-column-is-layout-flow\">\n<div class=\"wp-block-columns is-layout-flex wp-container-core-columns-is-layout-794e3cfa wp-block-columns-is-layout-flex\">\n<div class=\"wp-block-column is-layout-flow wp-block-column-is-layout-flow\">\n<h3 class=\"wp-block-heading\">Ingenieurs- und Konstruktionsplanung<\/h3>\n\n\n\n<p class=\"wp-block-paragraph\">Tragwerkskonzepte, Statik und Bemessung in Holz, Stahl und Beton sowie konstruktive Entwicklung bis hin zur detaillierten Ausf\u00fchrungs-, Werkstatt- und Produktionsplanung.<\/p>\n<\/div>\n\n\n\n<div class=\"wp-block-column is-layout-flow wp-block-column-is-layout-flow\">\n<h3 class=\"wp-block-heading\">Brandschutz, Bauphysik, Energie und \u00d6kologie<\/h3>\n\n\n\n<p class=\"wp-block-paragraph\">Brandschutzplanung und -bemessung, Qualit\u00e4tssicherung im Brandschutz, bauphysikalische Berechnungen sowie Energie- und Nachhaltigkeitsnachweise.<\/p>\n<\/div>\n<\/div>\n<\/div>\n<\/div>\n\n\n\n<div class=\"wp-block-columns alignwide is-layout-flex wp-container-core-columns-is-layout-794e3cfa wp-block-columns-is-layout-flex\">\n<div class=\"wp-block-column is-layout-flow wp-block-column-is-layout-flow\">\n<div class=\"wp-block-columns is-layout-flex wp-container-core-columns-is-layout-794e3cfa wp-block-columns-is-layout-flex\">\n<div class=\"wp-block-column is-layout-flow wp-block-column-is-layout-flow\">\n<h3 class=\"wp-block-heading\">Beratung und Expertisen<\/h3>\n\n\n\n<p class=\"wp-block-paragraph\">Beratung in allen Fragen des konstruktiven Ingenieurwesens, Beurteilung bestehender Tragwerke sowie Expertisen und Zustandsanalysen.<\/p>\n<\/div>\n\n\n\n<div class=\"wp-block-column is-layout-flow wp-block-column-is-layout-flow\">\n<h3 class=\"wp-block-heading\">Bauvermessung und Geb\u00e4udeaufnahme<\/h3>\n\n\n\n<p class=\"wp-block-paragraph\">Hochpr\u00e4zise Bau- und Gel\u00e4ndeaufnahmen mit Tachymeter sowie Geb\u00e4udeaufnahmen mit 360\u00b0-Kamera, Lidarscanner und Drohnen-Photogrammetrie. Erstellung von 3D-Modellen und virtuellen Geb\u00e4udezwillingen als Grundlage f\u00fcr Planung und Projektierung.<\/p>\n<\/div>\n<\/div>\n<\/div>\n<\/div>\n\n\n\n<div class=\"wp-block-group alignfull is-layout-flow wp-container-core-group-is-layout-feaeb828 wp-block-group-is-layout-flow\" style=\"margin-top:var(--wp--preset--spacing--40);margin-bottom:var(--wp--preset--spacing--40);padding-top:0;padding-right:0;padding-bottom:0;padding-left:0\">\n<h2 class=\"wp-block-heading\" style=\"border-style:none;border-width:0px;margin-right:0px;margin-left:0px\">Auswahlprojekte<\/h2>\n\n\n\n<div class=\"wp-block-media-text is-stacked-on-mobile is-vertically-aligned-top\"><figure class=\"wp-block-media-text__media\"><img loading=\"lazy\" decoding=\"async\" width=\"1024\" height=\"693\" src=\"https:\/\/bauundholz.ch\/wp-content\/uploads\/2026\/08\/Schneefalke.jpg\" alt=\"\" class=\"wp-image-40 size-full\" srcset=\"https:\/\/bauundholz.ch\/wp-content\/uploads\/2026\/08\/Schneefalke.jpg 1024w, https:\/\/bauundholz.ch\/wp-content\/uploads\/2026\/08\/Schneefalke-300x203.jpg 300w, https:\/\/bauundholz.ch\/wp-content\/uploads\/2026\/08\/Schneefalke-768x520.jpg 768w\" sizes=\"auto, (max-width: 1024px) 100vw, 1024px\" \/><\/figure><div class=\"wp-block-media-text__content\">\n<h3 class=\"wp-block-heading\">Appartementhaus Schneefalke, Andermatt<\/h3>\n\n\n\n<p class=\"wp-block-paragraph\">6-geschossiger Holzbau in Brettsperrholzbauweise mit Holz-Beton-Verbunddecken. Ingenieur- und Werkstattplanung des Holzbaus sowie Beratung bei der Planung des Massivbaus.<\/p>\n<\/div><\/div>\n\n\n\n<div class=\"wp-block-media-text is-stacked-on-mobile is-vertically-aligned-top\"><figure class=\"wp-block-media-text__media\"><img loading=\"lazy\" decoding=\"async\" width=\"1024\" height=\"683\" src=\"https:\/\/bauundholz.ch\/wp-content\/uploads\/2026\/08\/EMYL_Magnet-Basel_007-1408x939-1-1024x683.jpg\" alt=\"\" class=\"wp-image-43 size-full\" srcset=\"https:\/\/bauundholz.ch\/wp-content\/uploads\/2026\/08\/EMYL_Magnet-Basel_007-1408x939-1-1024x683.jpg 1024w, https:\/\/bauundholz.ch\/wp-content\/uploads\/2026\/08\/EMYL_Magnet-Basel_007-1408x939-1-300x200.jpg 300w, https:\/\/bauundholz.ch\/wp-content\/uploads\/2026\/08\/EMYL_Magnet-Basel_007-1408x939-1-768x512.jpg 768w, https:\/\/bauundholz.ch\/wp-content\/uploads\/2026\/08\/EMYL_Magnet-Basel_007-1408x939-1.jpg 1408w\" sizes=\"auto, (max-width: 1024px) 100vw, 1024px\" \/><\/figure><div class=\"wp-block-media-text__content\">\n<h3 class=\"wp-block-heading\">Ausstellungspavillon Staatsarchiv Basel-Stadt<\/h3>\n\n\n\n<p class=\"wp-block-paragraph\">Leicht abbaubarer Tempor\u00e4rbau mit ausgekl\u00fcgelten Holzbaudetails auf Schraubfundamente gesetzt<\/p>\n<\/div><\/div>\n\n\n\n<div class=\"wp-block-media-text is-stacked-on-mobile is-vertically-aligned-top\"><figure class=\"wp-block-media-text__media\"><img loading=\"lazy\" decoding=\"async\" width=\"1024\" height=\"683\" src=\"https:\/\/bauundholz.ch\/wp-content\/uploads\/2026\/08\/Wasserstrasse-1024x683.jpg\" alt=\"\" class=\"wp-image-44 size-full\" srcset=\"https:\/\/bauundholz.ch\/wp-content\/uploads\/2026\/08\/Wasserstrasse-1024x683.jpg 1024w, https:\/\/bauundholz.ch\/wp-content\/uploads\/2026\/08\/Wasserstrasse-300x200.jpg 300w, https:\/\/bauundholz.ch\/wp-content\/uploads\/2026\/08\/Wasserstrasse-768x512.jpg 768w, https:\/\/bauundholz.ch\/wp-content\/uploads\/2026\/08\/Wasserstrasse.jpg 1536w\" sizes=\"auto, (max-width: 1024px) 100vw, 1024px\" \/><\/figure><div class=\"wp-block-media-text__content\">\n<h3 class=\"wp-block-heading\">Aufstockung Wasserstrasse, Basel<\/h3>\n\n\n\n<p class=\"wp-block-paragraph\">Preisgekr\u00f6ntes Projekt mit 3-geschossiger Aufstockung in Holzbauweise auf 3-geschossigem Basler Arbeiterhaus von 1937<\/p>\n<\/div><\/div>\n<\/div>\n\n\n\n<p class=\"wp-block-paragraph\"><\/p>\n","protected":false},"excerpt":{"rendered":"<p>Ingenieurwesen f\u00fcr anspruchsvolle Bauten Wir entwickeln und planen Tragwerke und Konstruktionen aller Art, vom konstruktiven Entwurf bis zur detaillierten Ausf\u00fchrungsplanung. Unser Spezialgebiet ist der Holzbau. Dabei verbinden wir fundiertes Ingenieurwissen mit einem praxisnahen Verst\u00e4ndnis f\u00fcr Konstruktion, Fertigung und Montage. Wir suchen Verst\u00e4rkung Du m\u00f6chtest anspruchsvolle Tragwerke planen und konstruieren und hast Freude am Holzbau und [&hellip;]<\/p>\n","protected":false},"author":1,"featured_media":0,"parent":0,"menu_order":0,"comment_status":"closed","ping_status":"closed","template":"startseite","meta":{"footnotes":""},"class_list":["post-33","page","type-page","status-publish","hentry"],"_links":{"self":[{"href":"https:\/\/bauundholz.ch\/index.php?rest_route=\/wp\/v2\/pages\/33","targetHints":{"allow":["GET"]}}],"collection":[{"href":"https:\/\/bauundholz.ch\/index.php?rest_route=\/wp\/v2\/pages"}],"about":[{"href":"https:\/\/bauundholz.ch\/index.php?rest_route=\/wp\/v2\/types\/page"}],"author":[{"embeddable":true,"href":"https:\/\/bauundholz.ch\/index.php?rest_route=\/wp\/v2\/users\/1"}],"replies":[{"embeddable":true,"href":"https:\/\/bauundholz.ch\/index.php?rest_route=%2Fwp%2Fv2%2Fcomments&post=33"}],"version-history":[{"count":24,"href":"https:\/\/bauundholz.ch\/index.php?rest_route=\/wp\/v2\/pages\/33\/revisions"}],"predecessor-version":[{"id":146,"href":"https:\/\/bauundholz.ch\/index.php?rest_route=\/wp\/v2\/pages\/33\/revisions\/146"}],"wp:attachment":[{"href":"https:\/\/bauundholz.ch\/index.php?rest_route=%2Fwp%2Fv2%2Fmedia&parent=33"}],"curies":[{"name":"wp","href":"https:\/\/api.w.org\/{rel}","templated":true}]}}

<div class="wp-block-group alignfull has-global-padding is-layout-constrained wp-block-group-is-layout-constrained">
<div class="wp-block-cover alignfull is-light has-custom-content-position is-position-bottom-center" style="border-top-left-radius:0px;border-top-right-radius:0px;border-bottom-left-radius:0px;border-bottom-right-radius:0px;min-height:1094px;aspect-ratio:unset;"><img loading="lazy" decoding="async" width="2560" height="2560" class="wp-block-cover__image-background wp-image-34 size-full" alt="Musikwohnhaus 2, Basel" src="https://bauundholz.ch/wp-content/uploads/2026/08/IMG_0895_2023-05_MuWo-Basel_DRI-scaled-1.jpg" style="object-position:46% 76%" data-object-fit="cover" data-object-position="46% 76%" srcset="https://bauundholz.ch/wp-content/uploads/2026/08/IMG_0895_2023-05_MuWo-Basel_DRI-scaled-1.jpg 2560w, https://bauundholz.ch/wp-content/uploads/2026/08/IMG_0895_2023-05_MuWo-Basel_DRI-scaled-1-300x300.jpg 300w, https://bauundholz.ch/wp-content/uploads/2026/08/IMG_0895_2023-05_MuWo-Basel_DRI-scaled-1-1024x1024.jpg 1024w, https://bauundholz.ch/wp-content/uploads/2026/08/IMG_0895_2023-05_MuWo-Basel_DRI-scaled-1-150x150.jpg 150w, https://bauundholz.ch/wp-content/uploads/2026/08/IMG_0895_2023-05_MuWo-Basel_DRI-scaled-1-768x768.jpg 768w, https://bauundholz.ch/wp-content/uploads/2026/08/IMG_0895_2023-05_MuWo-Basel_DRI-scaled-1-1536x1536.jpg 1536w, https://bauundholz.ch/wp-content/uploads/2026/08/IMG_0895_2023-05_MuWo-Basel_DRI-scaled-1-2048x2048.jpg 2048w" sizes="auto, (max-width: 2560px) 100vw, 2560px" /><span aria-hidden="true" class="wp-block-cover__background has-background-dim-10 has-background-dim" style="background-color:#ffdb57"></span><div class="wp-block-cover__inner-container has-global-padding is-layout-constrained wp-block-cover-is-layout-constrained">
<p class="has-text-align-center is-style-text-display has-base-color has-text-color has-link-color has-x-large-font-size wp-elements-1 is-style-text-display--1 wp-block-paragraph" style="border-style:none;border-width:0px;margin-right:0;margin-left:0"><strong>Ingenieursdienstleistungen und Konstruktionsplanung</strong></p>



<p class="has-text-align-center has-base-color has-text-color has-link-color has-large-font-size wp-elements-2 wp-block-paragraph"><strong>mit Schwergewicht Holzbau</strong></p>
</div></div>
</div>



<div class="wp-block-group alignwide is-layout-flow wp-block-group-is-layout-flow">
<h2 class="wp-block-heading alignwide" style="margin-top:var(--wp--preset--spacing--60);margin-bottom:var(--wp--preset--spacing--60)">Ingenieurwesen für anspruchsvolle Bauten</h2>
</div>



<p class="alignwide wp-block-paragraph">Wir entwickeln und planen Tragwerke und Konstruktionen aller Art, vom konstruktiven Entwurf bis zur detaillierten Ausführungsplanung. Unser Spezialgebiet ist der Holzbau. Dabei verbinden wir fundiertes Ingenieurwissen mit einem praxisnahen Verständnis für Konstruktion, Fertigung und Montage.</p>



<div style="height:100px" aria-hidden="true" class="wp-block-spacer"></div>



<div class="wp-block-group has-border-color has-global-padding is-layout-constrained wp-block-group-is-layout-constrained" style="border-color:#cd2d2d;border-width:2px">
<h3 class="wp-block-heading has-text-align-center has-text-color has-link-color wp-elements-3" style="color:#d52020">Wir suchen Verstärkung</h3>



<p class="has-text-align-center has-text-color has-link-color wp-elements-4 wp-block-paragraph" style="color:#d52020">Du möchtest anspruchsvolle Tragwerke planen und konstruieren und hast Freude am Holzbau und an grosser Vielseitigkeit? Wir suchen Verstärkung für unser Team.</p>



<div class="wp-block-buttons is-content-justification-center is-layout-flex wp-container-core-buttons-is-layout-35f06ea7 wp-block-buttons-is-layout-flex">
<div class="wp-block-button"><a class="wp-block-button__link has-accent-1-background-color has-text-color has-background has-link-color has-x-large-font-size has-custom-font-size wp-element-button" href="https://bauundholz.ch/wp-content/uploads/2026/08/Stelleninserat-BHE-Holzbauingenieur-in-Holzbautechniker-in.pdf" style="color:#c71a1a">Zum Stelleninserat</a></div>
</div>
</div>



<h2 class="wp-block-heading has-text-align-center alignwide" style="border-style:none;border-width:0px;margin-top:var(--wp--preset--spacing--50);margin-right:0;margin-bottom:var(--wp--preset--spacing--50);margin-left:0">Leistungen</h2>



<div class="wp-block-columns alignwide is-layout-flex wp-container-core-columns-is-layout-794e3cfa wp-block-columns-is-layout-flex">
<div class="wp-block-column is-layout-flow wp-block-column-is-layout-flow">
<div class="wp-block-columns is-layout-flex wp-container-core-columns-is-layout-794e3cfa wp-block-columns-is-layout-flex">
<div class="wp-block-column is-layout-flow wp-block-column-is-layout-flow">
<h3 class="wp-block-heading">Ingenieurs- und Konstruktionsplanung</h3>



<p class="wp-block-paragraph">Tragwerkskonzepte, Statik und Bemessung in Holz, Stahl und Beton sowie konstruktive Entwicklung bis hin zur detaillierten Ausführungs-, Werkstatt- und Produktionsplanung.</p>
</div>



<div class="wp-block-column is-layout-flow wp-block-column-is-layout-flow">
<h3 class="wp-block-heading">Brandschutz, Bauphysik, Energie und Ökologie</h3>



<p class="wp-block-paragraph">Brandschutzplanung und -bemessung, Qualitätssicherung im Brandschutz, bauphysikalische Berechnungen sowie Energie- und Nachhaltigkeitsnachweise.</p>
</div>
</div>
</div>
</div>



<div class="wp-block-columns alignwide is-layout-flex wp-container-core-columns-is-layout-794e3cfa wp-block-columns-is-layout-flex">
<div class="wp-block-column is-layout-flow wp-block-column-is-layout-flow">
<div class="wp-block-columns is-layout-flex wp-container-core-columns-is-layout-794e3cfa wp-block-columns-is-layout-flex">
<div class="wp-block-column is-layout-flow wp-block-column-is-layout-flow">
<h3 class="wp-block-heading">Beratung und Expertisen</h3>



<p class="wp-block-paragraph">Beratung in allen Fragen des konstruktiven Ingenieurwesens, Beurteilung bestehender Tragwerke sowie Expertisen und Zustandsanalysen.</p>
</div>



<div class="wp-block-column is-layout-flow wp-block-column-is-layout-flow">
<h3 class="wp-block-heading">Bauvermessung und Gebäudeaufnahme</h3>



<p class="wp-block-paragraph">Hochpräzise Bau- und Geländeaufnahmen mit Tachymeter sowie Gebäudeaufnahmen mit 360°-Kamera, Lidarscanner und Drohnen-Photogrammetrie. Erstellung von 3D-Modellen und virtuellen Gebäudezwillingen als Grundlage für Planung und Projektierung.</p>
</div>
</div>
</div>
</div>



<div class="wp-block-group alignfull is-layout-flow wp-container-core-group-is-layout-feaeb828 wp-block-group-is-layout-flow" style="margin-top:var(--wp--preset--spacing--40);margin-bottom:var(--wp--preset--spacing--40);padding-top:0;padding-right:0;padding-bottom:0;padding-left:0">
<h2 class="wp-block-heading" style="border-style:none;border-width:0px;margin-right:0px;margin-left:0px">Auswahlprojekte</h2>



<div class="wp-block-media-text is-stacked-on-mobile is-vertically-aligned-top"><figure class="wp-block-media-text__media"><img loading="lazy" decoding="async" width="1024" height="693" src="https://bauundholz.ch/wp-content/uploads/2026/08/Schneefalke.jpg" alt="" class="wp-image-40 size-full" srcset="https://bauundholz.ch/wp-content/uploads/2026/08/Schneefalke.jpg 1024w, https://bauundholz.ch/wp-content/uploads/2026/08/Schneefalke-300x203.jpg 300w, https://bauundholz.ch/wp-content/uploads/2026/08/Schneefalke-768x520.jpg 768w" sizes="auto, (max-width: 1024px) 100vw, 1024px" /></figure><div class="wp-block-media-text__content">
<h3 class="wp-block-heading">Appartementhaus Schneefalke, Andermatt</h3>



<p class="wp-block-paragraph">6-geschossiger Holzbau in Brettsperrholzbauweise mit Holz-Beton-Verbunddecken. Ingenieur- und Werkstattplanung des Holzbaus sowie Beratung bei der Planung des Massivbaus.</p>
</div></div>



<div class="wp-block-media-text is-stacked-on-mobile is-vertically-aligned-top"><figure class="wp-block-media-text__media"><img loading="lazy" decoding="async" width="1024" height="683" src="https://bauundholz.ch/wp-content/uploads/2026/08/EMYL_Magnet-Basel_007-1408x939-1-1024x683.jpg" alt="" class="wp-image-43 size-full" srcset="https://bauundholz.ch/wp-content/uploads/2026/08/EMYL_Magnet-Basel_007-1408x939-1-1024x683.jpg 1024w, https://bauundholz.ch/wp-content/uploads/2026/08/EMYL_Magnet-Basel_007-1408x939-1-300x200.jpg 300w, https://bauundholz.ch/wp-content/uploads/2026/08/EMYL_Magnet-Basel_007-1408x939-1-768x512.jpg 768w, https://bauundholz.ch/wp-content/uploads/2026/08/EMYL_Magnet-Basel_007-1408x939-1.jpg 1408w" sizes="auto, (max-width: 1024px) 100vw, 1024px" /></figure><div class="wp-block-media-text__content">
<h3 class="wp-block-heading">Ausstellungspavillon Staatsarchiv Basel-Stadt</h3>



<p class="wp-block-paragraph">Leicht abbaubarer Temporärbau mit ausgeklügelten Holzbaudetails auf Schraubfundamente gesetzt</p>
</div></div>



<div class="wp-block-media-text is-stacked-on-mobile is-vertically-aligned-top"><figure class="wp-block-media-text__media"><img loading="lazy" decoding="async" width="1024" height="683" src="https://bauundholz.ch/wp-content/uploads/2026/08/Wasserstrasse-1024x683.jpg" alt="" class="wp-image-44 size-full" srcset="https://bauundholz.ch/wp-content/uploads/2026/08/Wasserstrasse-1024x683.jpg 1024w, https://bauundholz.ch/wp-content/uploads/2026/08/Wasserstrasse-300x200.jpg 300w, https://bauundholz.ch/wp-content/uploads/2026/08/Wasserstrasse-768x512.jpg 768w, https://bauundholz.ch/wp-content/uploads/2026/08/Wasserstrasse.jpg 1536w" sizes="auto, (max-width: 1024px) 100vw, 1024px" /></figure><div class="wp-block-media-text__content">
<h3 class="wp-block-heading">Aufstockung Wasserstrasse, Basel</h3>



<p class="wp-block-paragraph">Preisgekröntes Projekt mit 3-geschossiger Aufstockung in Holzbauweise auf 3-geschossigem Basler Arbeiterhaus von 1937</p>
</div></div>
</div>



<p class="wp-block-paragraph"></p>

<p>Ingenieurwesen für anspruchsvolle Bauten Wir entwickeln und planen Tragwerke und Konstruktionen aller Art, vom konstruktiven Entwurf bis zur detaillierten Ausführungsplanung. Unser Spezialgebiet ist der Holzbau. Dabei verbinden wir fundiertes Ingenieurwissen mit einem praxisnahen Verständnis für Konstruktion, Fertigung und Montage. Wir suchen Verstärkung Du möchtest anspruchsvolle Tragwerke planen und konstruieren und hast Freude am Holzbau und [&hellip;]</p>
